hat is the highest common factor of t and 395?
5
Suppose -2958 = -4*f + 355*z - 357*z, -3*f + 2241 = -3*z. Calculate the highest common factor of f and 196.
14
Let k = 419 + -372. Suppose -q + k = 2*n, -25*q + 22*q + 141 = -n. What is the highest common divisor of 705 and q?
47
Let q be ((-9)/(-4))/((-3)/(-12)). Suppose -219*h + 48866 + 57734 = 13963. What is the greatest common divisor of q and h?
9
Let v(w) = -2*w**2 + 203*w + 863. Let u be v(105). What is the greatest common factor of 16 and u?
16
Let b = -2900 - -3691. Calculate the greatest common factor of 678 and b.
113
Suppose 187*l - 184*l = -3*i + 252, -i + 176 = 2*l. Calculate the highest common divisor of l and 1702.
46
Let u be (66/8)/((-84)/(-224)). Let d be -4 - (-5 - -3 - u). What is the greatest common divisor of d and 220?
20
Suppose 23*z - 20*z = 0, 350 = 5*g + z. What is the greatest common factor of 230 and g?
10
Let q be (-7 - 15)*(-70)/(-4). Let f = -81 - q. Calculate the greatest common factor of 76 and f.
76
Let r be (-2)/(-4) - (-1977)/6. Let n be ((-1)/(-2)*1)/((-10)/20). Let o be (-15)/(-9) + n + 616/21. What is the highest common factor of o and r?
30
Suppose 0 = 3*w - 4*x - 55, -26 = -4*w + 5*x + 49. Suppose 2*q + 274 = -3*g + 706, 24 = -4*g. Calculate the greatest common factor of w and q.
25
Let o(k) = k - 35. Let c be o(43). What is the highest common factor of 2168 and c?
8
Suppose 63*k - 65*k + 4*g + 334 = 0, k - 160 = -5*g. Calculate the highest common factor of k and 1485.
165
Let m = 210 - 142. Suppose m + 52 = -4*k. Let x = 35 + k. What is the greatest common divisor of 1 and x?
1
Suppose -92*t + 89*t = 288. Let y = 84 + t. Let g be ((-6)/y)/((-1)/(-4)). What is the highest common factor of g and 4?
2
Let x be -2*(34/(-3))/((-22)/3 - -8). What is the greatest common factor of 5542 and x?
34
Suppose 0 = 5*q - 5*k + 61 - 206, -4*q - k + 96 = 0. Let y(f) = 3*f - 45. Let g be y(q). What is the highest common factor of 555 and g?
15
Suppose 5655*o - 45920 = 5639*o. Calculate the greatest common factor of 70 and o.
70
Let f(w) = -w**2 - w + 54. Let l be f(0). Let z = 32694 + -32613. Calculate the greatest common factor of z and l.
27
Let g be 110 + 1*-1 - 1. Let w be (24/(-48))/(1/(-4)). Suppose 5*c - 10*c - 22 = -t, 0 = 5*t + w*c - 137. Calculate the highest common divisor of g and t.
27
Suppose 5*g + 0*g - 270 = 0. Let r(v) be the second derivative of v**3/6 + 14*v**2 + 12*v. Let n be r(8). What is the greatest common factor of g and n?
18
Let f be (-1)/((-1756)/(-876) - -3 - 5). Let u = -198 - f. Calculate the greatest common divisor of 42 and u.
21
Let v = 112 - 104. Let z be (-6)/v - (-20519)/68. What is the highest common divisor of 43 and z?
43
Suppose 30 = l - 2*h, 3*h = 5*l - 9*l + 175. Suppose 5096 = l*y - 33*y. What is the greatest common divisor of 104 and y?
104
Suppose 6*l = 129*l - 2952. Calculate the greatest common divisor of l and 9.
3
Let h(p) = p**3 - 3*p**2 + 4*p + 4. Let m(z) = z**2 - 1. Let b be m(2). Let y be b/3*(-3)/(-1). Let l be h(y). What is the highest common divisor of 80 and l?
16
Let h be (0 + 5)*(-221)/(-17). Suppose 4*b - 227 = -4*v + h, -3*b + 3*v = -231. What is the greatest common divisor of b and 500?
25
Let j = -3181 + 3253. Calculate the highest common divisor of 45 and j.
9
Suppose 5*c + 3*o - 30 = 0, 0 = -4*o + 1 + 19. Suppose 0 = c*a - 153 - 561. What is the highest common factor of a and 357?
119
Suppose 16 = 19*o - 15*o. Suppose -o*s = -5*g, -5*g + s + 35 = 4*s. Suppose -5*u = -25, 3*r - 4*u - g = -r. Calculate the greatest common factor of r and 30.
6
Let y = -3206 + 3911. Calculate the greatest common factor of y and 15.
15
Let c(m) = -m**3 - 136*m**2 + 1141*m + 252. Let y be c(-144). What is the greatest common factor of 702 and y?
54
Let d = -1417 + 2201. Calculate the highest common factor of d and 224.
112
Suppose -5*s = -0*s - 210. Suppose -4*l + 5 = 17. Let t be (4/(80/36))/(l/(-10)). What is the greatest common divisor of s and t?
6
Suppose o + 1 = 2*j - 6, 22 = 5*j - o. Suppose -6*f = -595 - j. Calculate the greatest common divisor of f and 80.
20
Suppose -162 = 4*z + 22. Let c = 44 + z. Let m be c/9 - (-7302)/54. Calculate the greatest common divisor of m and 15.
15
Let u(x) = -x**3 - 11*x**2 - 22*x - 3. Let z be u(-9). Let i be 4/22 + 31344/z. What is the highest common divisor of 50 and i?
50
Let m = 21 + -8. Suppose x = 3*r + m, -4*x = -2*r + r - 74. Let o(w) = w**2 + 52. Let z be o(10). What is the greatest common factor of x and z?
19
Let r(u) = 6*u**2 - 281*u + 165. Let a be r(72). Calculate the highest common divisor of 39 and a.
39
Suppose 4*t = 16, 39 + 113 = 4*z - t. Suppose 5*p = -3*d + 65, 4*p + 4*d = 30 + 30. Suppose p = r - 16. What is the highest common factor of z and r?
13
Let j = 637 - 633. Suppose 0 = n + 3, j*f + 4*n = 5*n + 1863. What is the highest common divisor of f and 62?
31
Let b(m) = m**3 + 8*m**2 + 5*m + 4. Let n be b(-7). Suppose -21*v = -46*v - 150. Let c be (11 + -35)*v/8. What is the highest common factor of n and c?
18
Let p be ((-222)/6)/(-3 - -2). Let f = p - 5. Calculate the highest common factor of 72 and f.
8
Suppose 0 = 6*u + 283 - 307. Calculate the highest common factor of 106 and u.
2
Let y(f) = 139*f + 10. Let o be y(0). Calculate the greatest common factor of 655 and o.
5
Let x be (7 - 5)*2/(12/9). Suppose -138 = -3*a + 15. Suppose 0 = 5*i - 216 + a. Calculate the highest common factor of x and i.
3
Let q = 2984 - 2688. What is the highest common divisor of q and 333?
37
Let m be (0*(0 - 1))/(3/1). Suppose m = -4*h + 5*i + 648, -107 = -h + i + 55. Let f = -72 + h. Calculate the greatest common factor of f and 15.
15
Let q = 3590 - 2518. What is the highest common divisor of q and 32?
16
Let o(h) = -4*h + 53. Let g be o(12). Suppose -7*d + 2*d = -g*r - 495, 3*d - 2*r = 294. What is the greatest common factor of d and 144?
48
Suppose -7 = 2*f + 1, 2*r + 4*f = 226. Suppose -269 = -65*x + r. What is the greatest common divisor of 120 and x?
6
Let t be 132753/68 - (-20)/(-80). What is the highest common factor of 480 and t?
32
Let h be (5*1322)/(8*(-370)/(-400) - 7). Calculate the greatest common divisor of 25 and h.
25
Let v = 18 - -2. Suppose 10*a - 3*u = 721, -68*a - u = -65*a - 203. What is the greatest common factor of a and v?
10
Let u(t) = t**3 - 3*t**2 - 3*t + 4. Suppose -h = 1 - 5. Let g be u(h). Suppose -14*w = -7*w - 672. What is the highest common factor of g and w?
8
Let o(d) = 2*d**2 + 3*d + 13. Let u be o(-7). Let n be 2 - (11 - 3 - 2) - -39. Suppose n + 1 = 2*t. Calculate the greatest common divisor of t and u.
18
Let n be 20 - (5 + (4 - 13)/(-3)). What is the greatest common divisor of 56544 and n?
12
Let x = 11 + -10. Let u(a) = -a**2 - 4*a + 5. Let k be u(-5). Suppose 3*p - v + 4*v - 12 = k, -5 = 4*p - 3*v. What is the greatest common factor of p and x?
1
Let p = 83 + -78. Suppose -p*c + 156 = -24. Let j be (((-10)/(-3))/(-2))/((-1)/c). What is the greatest common factor of 15 and j?
15
Let f(q) = -q - 21. Let v be f(-21). Suppose 2*t + v*j = j + 22, -2*t + 34 = -4*j. What is the greatest common divisor of 144 and t?
9
Let o = 15030 + -15006. Calculate the greatest common factor of o and 19896.
24
Let v(m) = -29*m + 148. Let k be v(-4). What is the greatest common factor of 240 and k?
24
Suppose a + 184 = 3*v - 0*v, 2*v - 136 = 4*a. Let o be 456/v + (-4)/(-10) - 0. Calculate the highest common divisor of o and 1.
1
Let h = 75 + -72. Suppose i = h, 3*a + 0*a = -i - 2319. Let n be a/(-5) - 14/(-70). Calculate the highest common divisor of n and 31.
31
Suppose h + 4*c = 15, -2*h - 2*h + 2*c = -114. Let i be (-1456)/(-6) - ((-160)/30)/16. Calculate the highest common factor of i and h.
27
Suppose 31*s - 138 - 79 = 0. Suppose 4*p = -2*l + s*l + 64, -5*p + 113 = 2*l. What is the greatest common factor of 21 and p?
21
Suppose 3*y - 5*i = 1502, 16*y - 3*i = 13*y + 1494. Calculate the highest common divisor of 190 and y.
38
Let z = -201 - -209. Let d(o) = o**3 - 8*o**2 + 4*o - 10. Let b be d(z). What is the highest common factor of 418 and b?
22
Let n be (-1 + 2)*(2 - -89 - -2). Let p be (-1 - -2)*3 + n + 8. What is the highest common factor of p and 260?
52
Suppose 2*x = 2*p + 102, -56*p = -2*x - 53*p + 105. Let q be ((-216)/16)/(3/12). Let h = 90 + 